{"id":4970,"date":"2021-06-18T11:53:51","date_gmt":"2021-06-18T11:53:51","guid":{"rendered":"https:\/\/izleloetterem.hu\/hazhozszallitas\/?post_type=product&#038;p=4970"},"modified":"2022-04-21T17:29:06","modified_gmt":"2022-04-21T17:29:06","slug":"keddi-menu","status":"publish","type":"product","link":"https:\/\/izleloetterem.hu\/hazhozszallitas\/termek\/keddi-menu\/","title":{"rendered":"Keddi men\u00fc"},"content":{"rendered":"","protected":false},"excerpt":{"rendered":"<p>Az allerg\u00e9nekr\u0151l a r\u00e9szletes le\u00edr\u00e1st n\u00e9zd meg az adott \u00e9tel adatlapj\u00e1n.<\/p>\n","protected":false},"featured_media":0,"comment_status":"open","ping_status":"closed","template":"","meta":[],"_links":{"self":[{"href":"https:\/\/izleloetterem.hu\/hazhozszallitas\/wp-json\/wp\/v2\/product\/4970"}],"collection":[{"href":"https:\/\/izleloetterem.hu\/hazhozszallitas\/wp-json\/wp\/v2\/product"}],"about":[{"href":"https:\/\/izleloetterem.hu\/hazhozszallitas\/wp-json\/wp\/v2\/types\/product"}],"replies":[{"embeddable":true,"href":"https:\/\/izleloetterem.hu\/hazhozszallitas\/wp-json\/wp\/v2\/comments?post=4970"}],"wp:attachment":[{"href":"https:\/\/izleloetterem.hu\/hazhozszallitas\/wp-json\/wp\/v2\/media?parent=4970"}],"curies":[{"name":"wp","href":"https:\/\/api.w.org\/{rel}","templated":true}]}}